{"id":7,"date":"2026-05-17T09:36:52","date_gmt":"2026-05-17T09:36:52","guid":{"rendered":"https:\/\/reijonkuvasivut.com\/?page_id=7"},"modified":"2026-05-17T09:39:42","modified_gmt":"2026-05-17T09:39:42","slug":"etusivu","status":"publish","type":"page","link":"https:\/\/reijonkuvasivut.com\/index.php\/etusivu\/","title":{"rendered":"Etusivu"},"content":{"rendered":"<h2 class=\"western\" align=\"left\">Min\u00e4<\/h2>\n<p class=\"western\" align=\"left\">Olen harrastanut valokuvausta -70 luvulta l\u00e4htien. Internetin kehittymisen my\u00f6t\u00e4 olen kiinnostunut kuvien suojaamiselta luvattomalta kopioinnilta. N\u00e4ill\u00e4 sivuilla esittelen t\u00e4m\u00e4n hetkist\u00e4 projektiani eli lis\u00e4osaa WordPressiin, WP Image Guardia.<\/p>\n<h2 class=\"western\" align=\"left\">Kuvien suojaaminen kopioinnilta<\/h2>\n<p class=\"western\" align=\"left\">\u201cSe, mink\u00e4 kerran nettiin laitat, on siell\u00e4 ikuisesti.\u201d T\u00e4m\u00e4 pit\u00e4\u00e4 valitettavan hyvin paikkansa my\u00f6s kuvien kohdalla. Jos kuvaa ei miss\u00e4\u00e4n tapauksessa halua kopioitavan, sit\u00e4 ei kannata julkaista verkossa lainkaan. Kun kuva n\u00e4kyy k\u00e4ytt\u00e4j\u00e4n ruudulla, se on tavalla tai toisella mahdollista tallentaa.<\/p>\n<p class=\"western\" align=\"left\">Kuvien kopiointia ei siis voi est\u00e4\u00e4 sataprosenttisesti. Osaava k\u00e4ytt\u00e4j\u00e4 pystyy kiert\u00e4m\u00e4\u00e4n tavallisimmat estot, ottamaan ruutukaappauksen, poistamaan vesileimoja tai jopa parantamaan kuvan laatua teko\u00e4lyn avulla. T\u00e4m\u00e4 on hyv\u00e4 hyv\u00e4ksy\u00e4 l\u00e4ht\u00f6kohdaksi jo ennen kuvien julkaisemista.<\/p>\n<p class=\"western\" align=\"left\">Kopioinnista voidaan silti tehd\u00e4 hankalampaa. Tarkoitus ei ole luvata t\u00e4ydellist\u00e4 suojaa, vaan v\u00e4hent\u00e4\u00e4 helppoa, nopeaa ja huomaamatonta kuvien k\u00e4ytt\u00f6\u00e4 ilman lupaa.<\/p>\n<h2 class=\"western\" align=\"left\">K\u00e4yt\u00e4 riitt\u00e4v\u00e4n pieni\u00e4 kuvia<\/h2>\n<p class=\"western\" align=\"left\">Verkkoon ei kannata julkaista alkuper\u00e4isi\u00e4, suurikokoisia ja painokelpoisia kuvatiedostoja. Sivustolla n\u00e4kyv\u00e4ksi kuvaksi riitt\u00e4\u00e4 usein huomattavasti pienempi versio.<\/p>\n<p class=\"western\" align=\"left\">Pienempi kuva toimii hyvin verkkok\u00e4yt\u00f6ss\u00e4, mutta siit\u00e4 on v\u00e4hemm\u00e4n hy\u00f6ty\u00e4 esimerkiksi painotuotteisiin, suurikokoisiin julisteisiin tai muuhun laadukkaaseen jatkok\u00e4ytt\u00f6\u00f6n.<\/p>\n<p class=\"western\" align=\"left\">Hyv\u00e4 k\u00e4yt\u00e4nt\u00f6 on s\u00e4ilytt\u00e4\u00e4 alkuper\u00e4iset kuvatiedostot itsell\u00e4 ja julkaista verkossa vain kevyemm\u00e4t, pienennetyt versiot.<\/p>\n<h2 class=\"western\" align=\"left\">Lis\u00e4\u00e4 vesileima<\/h2>\n<p class=\"western\" align=\"left\">Vesileima on yksi yleisimmist\u00e4 tavoista suojata kuvia. Se voi olla esimerkiksi yrityksen logo, kuvaajan nimi, verkkosivun osoite tai muu tunniste.<\/p>\n<p class=\"western\" align=\"left\">Vesileima kannattaa sijoittaa niin, ettei sit\u00e4 voi poistaa helposti rajaamalla kuvaa. Jos vesileima on aivan kuvan reunassa, sen poistaminen on usein helppoa. Parempi vaihtoehto on sijoittaa se osittain kuvan keskeisen sis\u00e4ll\u00f6n p\u00e4\u00e4lle, kuitenkin niin, ettei kuva muutu k\u00e4ytt\u00f6kelvottomaksi omalla sivustolla.<\/p>\n<p class=\"western\" align=\"left\">Vesileima ei est\u00e4 kopiointia t\u00e4ysin, mutta se tekee luvattomasta k\u00e4yt\u00f6st\u00e4 n\u00e4kyv\u00e4mp\u00e4\u00e4 ja poistamisesta ty\u00f6l\u00e4\u00e4mp\u00e4\u00e4.<\/p>\n<h2 class=\"western\" align=\"left\">K\u00e4yt\u00e4 huomaamattomia tunnisteita<\/h2>\n<p class=\"western\" align=\"left\">N\u00e4kyv\u00e4n vesileiman lis\u00e4ksi kuviin voidaan lis\u00e4t\u00e4 my\u00f6s metatietoja, kuten tekij\u00e4n nimi, yrityksen tiedot ja k\u00e4ytt\u00f6oikeustiedot. Metatiedot eiv\u00e4t n\u00e4y kuvassa suoraan, mutta ne voivat auttaa kuvan alkuper\u00e4n todistamisessa.<\/p>\n<p class=\"western\" align=\"left\">On kuitenkin hyv\u00e4 huomioida, ett\u00e4 metatiedot voidaan poistaa. Niihin ei siis kannata luottaa ainoana suojauskeinona, mutta ne ovat hy\u00f6dyllinen lis\u00e4 muun suojauksen rinnalla.<\/p>\n<h2 class=\"western\" align=\"left\">Est\u00e4 helpoin tallentaminen<\/h2>\n<p class=\"western\" align=\"left\">Verkkosivulle voidaan lis\u00e4t\u00e4 teknisi\u00e4 ratkaisuja, jotka vaikeuttavat kuvien tallentamista. Esimerkiksi hiiren oikean painikkeen toimintoja voidaan rajoittaa tai kuvia voidaan esitt\u00e4\u00e4 tavalla, joka ei tee suoraa tallentamista aivan yht\u00e4 helpoksi.<\/p>\n<p class=\"western\" align=\"left\">N\u00e4m\u00e4 keinot eiv\u00e4t pys\u00e4yt\u00e4 osaavaa k\u00e4ytt\u00e4j\u00e4\u00e4, mutta ne voivat v\u00e4hent\u00e4\u00e4 satunnaista kopiointia. T\u00e4rke\u00e4\u00e4 on ymm\u00e4rt\u00e4\u00e4, ett\u00e4 tekniset estot ovat hidasteita, eiv\u00e4t varmoja suojauksia.<\/p>\n","protected":false},"excerpt":{"rendered":"<p>Min\u00e4 Olen harrastanut valokuvausta -70 luvulta l\u00e4htien. Internetin kehittymisen my\u00f6t\u00e4 olen kiinnostunut kuvien suojaamiselta luvattomalta kopioinnilta. N\u00e4ill\u00e4 sivuilla esittelen t\u00e4m\u00e4n hetkist\u00e4 projektiani eli lis\u00e4osaa WordPressiin, WP Image Guardia. Kuvien suojaaminen kopioinnilta \u201cSe, mink\u00e4 kerran nettiin laitat, on siell\u00e4 ikuisesti.\u201d T\u00e4m\u00e4 pit\u00e4\u00e4 valitettavan hyvin paikkansa my\u00f6s kuvien kohdalla. Jos kuvaa ei miss\u00e4\u00e4n tapauksessa halua kopioitavan, sit\u00e4<\/p><\/div>\n<div class=\"blog-btn\"><a href=\"https:\/\/reijonkuvasivut.com\/index.php\/etusivu\/\" class=\"home-blog-btn\">Lue lis\u00e4\u00e4<\/a><\/p>\n","protected":false},"author":1,"featured_media":0,"parent":0,"menu_order":0,"comment_status":"closed","ping_status":"closed","template":"","meta":{"footnotes":""},"class_list":["post-7","page","type-page","status-publish","hentry"],"_links":{"self":[{"href":"https:\/\/reijonkuvasivut.com\/index.php\/wp-json\/wp\/v2\/pages\/7","targetHints":{"allow":["GET"]}}],"collection":[{"href":"https:\/\/reijonkuvasivut.com\/index.php\/wp-json\/wp\/v2\/pages"}],"about":[{"href":"https:\/\/reijonkuvasivut.com\/index.php\/wp-json\/wp\/v2\/types\/page"}],"author":[{"embeddable":true,"href":"https:\/\/reijonkuvasivut.com\/index.php\/wp-json\/wp\/v2\/users\/1"}],"replies":[{"embeddable":true,"href":"https:\/\/reijonkuvasivut.com\/index.php\/wp-json\/wp\/v2\/comments?post=7"}],"version-history":[{"count":4,"href":"https:\/\/reijonkuvasivut.com\/index.php\/wp-json\/wp\/v2\/pages\/7\/revisions"}],"predecessor-version":[{"id":11,"href":"https:\/\/reijonkuvasivut.com\/index.php\/wp-json\/wp\/v2\/pages\/7\/revisions\/11"}],"wp:attachment":[{"href":"https:\/\/reijonkuvasivut.com\/index.php\/wp-json\/wp\/v2\/media?parent=7"}],"curies":[{"name":"wp","href":"https:\/\/api.w.org\/{rel}","templated":true}]}}